
Let z(p) = 7*p**3 + 20*p**2 + 2887*p + 11570. Calculate z(-4).
-106
Let p(a) = -a**3 + 40*a**2 - 59*a + 1029. What is p(40)?
-1331
Let o(k) = 2*k**3 + 162*k**2 + 1604*k + 705. Determine o(-11).
1
Let y(w) = w**3 - 114*w**2 - 5216*w - 69. What is y(149)?
-218
Let y(x) = -x**3 + 4871*x**2 + 83085*x - 183. Calculate y(-17).
4
Let n(v) = 23*v**3 + 665*v**2 - 28*v + 860. Give n(-29).
-10
Let s(a) = a**3 + 2*a**2 + 353*a - 141. Calculate s(0).
-141
Let y(z) = 8429*z + 59012. What is y(-7)?
9
Let b(h) = -11*h**2 + 354*h - 2366. Calculate b(23).
-43
Let x(w) = -99800*w - 199601. What is x(-2)?
-1
Let r(u) = 4*u**3 + 37*u**2 + 315*u + 2666. Determine r(-9).
-88
Let w(k) = 1936*k + 3128. Calculate w(-3).
-2680
Let z(n) = -n**3 + 694*n**2 - 1985*n - 60801. Determine z(691).
7
Let k(g) = -1643*g**2 + 3271*g + 13. What is k(2)?
-17
Let b(x) = -20533*x + 82127. Give b(4).
-5
Let k(y) = 6*y**3 - 400*y**2 + 1761*y - 35. Determine k(62).
1515
Let v(t) = -1385*t - 455660. What is v(-329)?
5
Let k(g) = -291*g + 13046. What is k(49)?
-1213
Let p(a) = 12*a**2 - 103*a - 21536. Give p(-38).
-294
Let i(k) = k**2 - 7408*k - 1412495. Determine i(-186).
-11
Let a(l) = 2380*l + 547396. Give a(-230).
-4
Let q(b) = -4708514*b + 28251084. Determine q(6).
0
Let k(p) = -p**3 - 73*p**2 - 1140*p + 226. What is k(-23)?
-4
Let y(h) = 4*h**3 + 312*h**2 - 320*h - 371. Determine y(-79).
-55
Let g(j) = 19*j**3 + 53*j**2 - 159*j - 6. Give g(3).
507
Let a(c) = c**3 + 16*c**2 - 26*c + 7. Give a(-12).
895
Let h(u) = u**3 - 18*u**2 - 96*u - 21. Determine h(-10).
-1861
Let t(b) = -b**2 - 6244*b - 118275. What is t(-19)?
0
Let y(b) = -2*b**3 - 43*b**2 - 323*b - 747. What is y(-5)?
43
Let z(u) = 22*u**2 - 995*u + 226. Give z(45).
1
Let h(o) = -46*o**2 + 139*o + 132. Calculate h(-1).
-53
Let w(z) = -z**2 - 8146*z - 65196. Calculate w(-8).
-92
Let r(u) = u**2 - 119*u - 2868. Determine r(0).
-2868
Let t(w) = -11*w**3 - 26*w**2 - 9*w + 25. Calculate t(3).
-533
Let n(r) = 117839*r - 1296332. Calculate n(11).
-103
Let f(r) = -241*r - 7113. What is f(-16)?
-3257
Let s(v) = -756*v - 2267. What is s(-3)?
1
Let q(g) = -7*g**3 + 19*g**2 - 1521*g + 2969. Calculate q(2).
-53
Let a(s) = s**3 + 91*s**2 + 1606*s + 109440. What is a(-87)?
-6
Let w(g) = 2*g**3 + 3*g**2 - 1292*g - 2597. What is w(-2)?
-17
Let p(f) = 172*f - 68. Calculate p(0).
-68
Let x(f) = -f**3 - 189*f**2 + 188*f - 390. Calculate x(-190).
-10
Let d(k) = -6*k**3 - 1062*k**2 - 3*k - 403. Give d(-177).
128
Let r(b) = b**2 + 115*b + 1969. What is r(-94)?
-5
Let a(y) = -2*y**3 + 224*y**2 + 1314*y - 44757. Determine a(116).
19
Let x(t) = 183*t**2 - 478*t - 1432. What is x(-3)?
1649
Let r(u) = 2917*u - 23699. Give r(8).
-363
Let q(j) = j**2 + 1036*j + 263676. Give q(-586).
-24
Let v(k) = 11*k**2 + 47855*k + 667816. Determine v(-14).
2
Let k(z) = 12138*z + 230599. Calculate k(-19).
-23
Let i(r) = -3*r**2 + r + 719. Determine i(-12).
275
Let w(y) = -y**3 + 93*y**2 - 432*y - 245. Give w(88).
459
Let x(y) = 4248*y + 382317. Give x(-90).
-3
Let b(h) = 1096*h**2 + 21931*h + 63. Give b(-20).
-157
Let r(f) = -f**3 + 175*f**2 + 5453*f + 141. What is r(202)?
-61
Let y(w) = 2*w**2 + 53*w - 4667. Determine y(37).
32
Let h(p) = 7547*p - 422667. Give h(56).
-35
Let g(n) = 18367*n - 2791792. Determine g(152).
-8
Let k(n) = -n**3 - 35*n**2 - 227*n + 11. Calculate k(-10).
-219
Let d(w) = -3*w**3 - 954*w**2 - 1900*w - 1245. What is d(-316)?
19
Let o(a) = -10*a**3 + 111*a**2 - 258*a - 30. Calculate o(8).
-110
Let u(f) = f**2 + 1285*f + 150143. Determine u(-130).
-7
Let j(q) = -1457*q - 18863. Determine j(-13).
78
Let w(y) = y**2 - 3474*y + 2943179. Calculate w(1465).
-6
Let z(d) = -1235*d**2 + 11143*d + 18. What is z(9)?
270
Let w(v) = 4*v**3 + 49*v**2 + 225*v + 373. Calculate w(-4).
1
Let x(t) = -6*t**3 - 3*t**2 - 2*t + 330. Calculate x(0).
330
Let j(b) = 8*b**2 + 72*b - 3393. Determine j(17).
143
Let a(k) = -22046*k + 22065. Determine a(1).
19
Let r(v) = 1231*v + 262222. Calculate r(-213).
19
Let g(u) = 5*u**2 - 4453*u + 52701. What is g(12)?
-15
Let i(g) = -g**3 + 94*g**2 + 429*g + 28069. Calculate i(101).
-9
Let p(x) = -3*x**3 + 51*x**2 - 17*x - 107. What is p(18)?
-1385
Let f(p) = -373*p + 6766. Determine f(18).
52
Let b(f) = 16763*f + 133978. Determine b(-8).
-126
Let f(v) = -v**2 - 1982*v + 82950. Calculate f(41).
7
Let f(h) = -5*h**2 + 1015*h - 2015. What is f(2)?
-5
Let a(k) = 26410*k - 52902. What is a(2)?
-82
Let c(u) = 12*u**3 + 471*u**2 + 571*u + 16. Determine c(-38).
-22
Let t(y) = 2*y**2 + 30*y - 30387. Give t(-131).
5
Let a(n) = 1027*n**2 + 47230*n - 541. Determine a(-46).
11
Let y(i) = 2*i**2 + 338*i - 5002. Calculate y(15).
518
Let c(t) = -46969*t + 328678. Calculate c(7).
-105
Let p(f) = -4*f**3 + 42*f**2 - 24*f - 426. What is p(7)?
92
Let i(c) = -c**3 + 94*c**2 - 301*c + 2458. What is i(91)?
-90
Let t(c) = -c**3 + 9*c**2 + 1243*c - 9798. Give t(8).
210
Let q(g) = -211*g - 13382. Determine q(-64).
122
Let x(v) = 5*v**3 - 11*v**2 + 63*v - 103. What is x(3)?
122
Let f(r) = 472*r - 9620. Give f(19).
-652
Let k(h) = -h**2 - 981*h + 274243. Determine k(227).
27
Let a(f) = -28*f**3 + 3*f**2 - 11. Give a(2).
-223
Let a(k) = 32*k**3 + 12*k**2 + 31*k + 34. What is a(-2)?
-236
Let c(h) = -814*h + 32549. What is c(40)?
-11
Let d(z) = 266*z**2 - 20846*z + 7656. What is d(78)?
12
Let k(t) = 4*t**2 + 110*t - 1319. Give k(7).
-353
Let r(m) = 11*m**3 + 71*m**2 + 135*m - 11. Calculate r(-2).
-85
Let v(y) = 3*y**3 - 590*y**2 - 1024*y + 45942. Give v(198).
6
Let r(q) = -q**3 + 16*q**2 - 5675*q + 45314. Calculate r(8).
426
Let d(z) = 26*z**3 - 6215*z**2 + 221*z + 4300. Determine d(239).
-2
Let w(b) = 2*b**3 + 3*b**2 - 47*b - 23. Give w(-5).
37
Let d(h) = h**2 + 2165199*h - 15156445. What is d(7)?
-3
Let p(j) = -29*j**2 + 1504*j + 258. Calculate p(52).
50
Let p(n) = -291*n + 4408. Calculate p(15).
43
Let d(f) = -10*f**3 + 50*f**2 - 156*f + 602. Calculate d(4).
138
Let u(q) = -1342*q + 97971. Calculate u(73).
5
Let x(n) = -10*n**2 + 1584*n - 627. Give x(158).
5
Let a(v) = 5455*v + 65539. Determine a(-12).
79
Let s(w) = 1011*w - 6030. What is s(6)?
36
Let k(i) = -213080*i - 7883954. Calculate k(-37).
6
Let h(g) = -2*g**3 + 60*g**2 - 330*g + 9902. What is h(30)?
2
Let i(k) = 2*k**3 + 260*k**2 + 492*k - 3107. What is i(-128)?
-547
Let g(p) = 7046*p + 23913. What is g(-3)?
2775
Let p(d) = -5*d**2 + 996*d - 964. What is p(198)?
224
Let d(y) = -3172*y - 63393. Calculate d(-20).
47
Let k(q) = -q**3 + 25*q**2 + 674*q + 286. Give k(-16).
-2
Let d(w) = -8*w**2 - 41*w + 465. Calculate d(-16).
-927
Let m(b) = 11030*b + 297500. Calculate m(-27).
-310
Let y(t) = -14*t**2 - 906*t + 217. What is y(-65)?
-43
Let s(k) = 8*k**3 + 8*k**2 + 75*k + 15. Give s(-4).
-669
Let j(t) = -9*t**3 + 171*t**2 - 15*t - 254. What is j(19)?
-539
Let y(f) = f**3 - 294*f**2 - 25505*f + 9091. What is y(364)?
-9
Let a(l) = -458*l - 1698. Calculate a(-5).
592
Let g(k) = -k**3 - 6*k**2 + 192*k - 348. Give g(-18).
84
Let m(d) = 2*d**3 - 16*d**2 - 420*d + 45. What is m(-10)?
645
Let m(y) = -399928*y - 2399564. Give m(-6).
4
Let c(b) = 73472*b + 146918. Calculate c(-2).
-26
Let y(d) = -d**2 + 43*d + 17904. Calculate y(-114).
6
Let p(k) = -k**2 + 6645*k - 139263. Calculate p(21).
-159
Let x(g) = -4*g**2 - 586*g - 11831. Calculate x(-128).
-2359
Let g(r) = r**2 - 874*r - 1170918. Calculate g(-730).
2
Let y(r) = -r**2 + 129585*r + 259163. Give y(-2).
-11
Let l(x) = -356*x + 102858. What is l(289)?
-26
Let g(l) = -126*l + 21198. Determine g(168).
30
Let b(h) = 4*h**2 + 18312*h - 73272. Give b(4).
40
Let b(x) = -64*x**2 - 1315*x + 120. Determine b(-21).
-489
Let q(h) = 9*h**3 - 57*h**2 + 35*h + 129. What is q(5)?
4
Let p(g) = 148*g + 8490. Calculate p(-58).
-94
Let s(o) = 197*o - 54. Determine s(1).
143
Let k(v) = v**3 - 15*v**2 + 562*v - 6886. What is k(13)?
82
Let f(c) = 8*c**3 - c**2 - 348*c + 3. Calculate f(0).
3
Let a(o) = -460*o + 12098. Determine a(27).
-322
Let z(d) = -2*d**3 + 1347*d**2 - 7350*d + 1322. Determine z(668).
-14
Let i(u) = -2*u**3 - 185*u**2 - 2606*u + 1431. What is i(-75)?
6
Let t(n) = -12*n**2 + 249*n - 276. Calculate t(11).
1011
Let k(j) = -2711*j + 2407363. Calculate k(888).
-5
Let q(f) = -45*f**2 - 3699*f - 11085. Give q(-3).
-393
Let c(v) = 3698*v - 48071. Determine c(13).
3
Let d(t) 